 when 45437828 is divided by 21?
2
Calculate the remainder when 11910039 is divided by 1986.
1983
Calculate the remainder when 8719421 is divided by 1546.
1527
Calculate the remainder when 1850384 is divided by 45.
29
What is the remainder when 714 is divided by 124?
94
Calculate the remainder when 189208 is divided by 47193.
436
What is the remainder when 3558371 is divided by 711670?
21
Calculate the remainder when 346154 is divided by 2748.
2654
What is the remainder when 222335 is divided by 36944?
671
Calculate the remainder when 282511528 is divided by 69.
67
Calculate the remainder when 984898 is divided by 164042.
646
What is the remainder when 7315054 is divided by 1828759?
18
Calculate the remainder when 39361582 is divided by 13120467.
181
What is the remainder when 199327 is divided by 66432?
31
Calculate the remainder when 535758 is divided by 267230.
1298
Calculate the remainder when 3799539 is divided by 5.
4
What is the remainder when 35878367 is divided by 230?
207
Calculate the remainder when 4215031 is divided by 4977.
4489
Calculate the remainder when 219019 is divided by 12160.
139
What is the remainder when 4018654 is divided by 3063?
3061
What is the remainder when 7551205 is divided by 7551195?
10
What is the remainder when 8214610 is divided by 705?
655
What is the remainder when 765220 is divided by 34782?
16
What is the remainder when 7924719 is divided by 5402?
5387
Calculate the remainder when 119219937 is divided by 1260.
1257
What is the remainder when 196403 is divided by 98172?
59
Calculate the remainder when 29802 is divided by 4952.
90
What is the remainder when 86818 is divided by 21444?
1042
Calculate the remainder when 2531821 is divided by 361686.
19
What is the remainder when 5634732 is divided by 1126946?
2
Calculate the remainder when 1495003 is divided by 93436.
27
Calculate the remainder when 19811535 is divided by 69271.
29
Calculate the remainder when 128204423 is divided by 1825.
1823
What is the remainder when 6832627 is divided by 2669?
2656
What is the remainder when 31269633 is divided by 36?
33
What is the remainder when 1953645 is divided by 4?
1
What is the remainder when 56663658 is divided by 5?
3
What is the remainder when 16902893 is divided by 4817?
40
What is the remainder when 5989830 is divided by 23582?
2
What is the remainder when 459991 is divided by 153325?
16
What is the remainder when 63420994 is divided by 7422?
4
Calculate the remainder when 564785 is divided by 2510.
35
Calculate the remainder when 36646963 is divided by 387.
385
What is the remainder when 43198408 is divided by 10661?
36
Calculate the remainder when 6260 is divided by 471.
137
What is the remainder when 3134110 is divided by 49747?
49
What is the remainder when 132900978 is divided by 2661?
2655
What is the remainder when 74234 is divided by 74225?
9
Calculate the remainder when 366658 is divided by 2060.
2038
Calculate the remainder when 31290629 is divided by 15.
14
Calculate the remainder when 746985 is divided by 373422.
141
Calculate the remainder when 117030955 is divided by 121.
118
What is the remainder when 7743 is divided by 3829?
85
What is the remainder when 260926639 is divided by 797?
794
What is the remainder when 2459591 is divided by 43921?
15
What is the remainder when 18969 is divided by 1181?
73
Calculate the remainder when 501265 is divided by 155.
150
Calculate the remainder when 3362298 is divided by 105.
93
What is the remainder when 1018226245 is divided by 7316?
7313
Calculate the remainder when 462144913 is divided by 7.
6
What is the remainder when 126407037 is divided by 240?
237
Calculate the remainder when 188517 is divided by 2053.
1694
Calculate the remainder when 15015001 is divided by 14955.
181
Calculate the remainder when 8002016 is divided by 50012.
96
Calculate the remainder when 96428418 is divided by 95.
93
What is the remainder when 37214374 is divided by 125?
124
What is the remainder when 576948 is divided by 191956?
1080
What is the remainder when 20925 is divided by 142?
51
Calculate the remainder when 4406356 is divided by 259191.
109
What is the remainder when 62527071 is divided by 111?
105
Calculate the remainder when 290492 is divided by 26390.
202
Calculate the remainder when 94379 is divided by 231.
131
What is the remainder when 90399806 is divided by 44908?
2
Calculate the remainder when 3432395 is divided by 345.
335
What is the remainder when 454368 is divided by 104?
96
What is the remainder when 2848605 is divided by 13064?
653
What is the remainder when 3016257 is divided by 141?
126
What is the remainder when 1734791 is divided by 247826?
9
Calculate the remainder when 534627 is divided by 215.
137
Calculate the remainder when 31724836 is divided by 7931209.
0
Calculate the remainder when 3565345 is divided by 4945.
0
Calculate the remainder when 522467 is divided by 579.
209
Calculate the remainder when 3539809 is divided by 170.
69
Calculate the remainder when 118700 is divided by 2576.
204
Calculate the remainder when 150697095 is divided by 5765.
5760
What is the remainder when 117632565 is divided by 12324?
12309
What is the remainder when 2389820 is divided by 2766?
2762
What is the remainder when 454253 is divided by 3008?
45
Calculate the remainder when 65484 is divided by 1807.
432
What is the remainder when 1341191 is divided by 1129?
1068
What is the remainder when 45608058 is divided by 1627?
1621
What is the remainder when 14888321 is divided by 1118?
1033
What is the remainder when 1460836 is divided by 3095?
3091
Calculate the remainder when 5979896 is divided by 367.
365
What is the remainder when 326096828 is divided by 3933?
3932
What is the remainder when 84304 is divided by 122?
2
Calculate the remainder when 696500 is divided by 2710.
30
Calculate the remainder when 34115 is divided by 48.
35
Calculate the remainder when 110244 is divided by 21651.
1989
Calculate the remainder when 55031 is divided by 886.
99
What is the remainder when 21226408 is divided by 67?
4
What is the remainder when 15728637 is divided by 963?
921
Calculate the remainder when 4998994 is divided by 1666325.
19
Calculate the remainder when 402115 is divided by 1717.
337
Calculate the remainder when 56610 is divided by 745.
735
Calculate the remainder when 61587480 is divided by 742.
738
Calculate the remainder when 749711 is divided by 3393.
3251
What is the remainder when 1535719 is divided by 11723?
6
What is the remainder when 910622 is divided by 544?
510
Calculate the remainder when 62698 is divided by 1354.
414
What is the remainder when 377846 is divided by 3078?
2330
What is the remainder when 698028 is divided by 232603?
219
Calculate the remainder when 5865247 is divided by 1144.
1103
What is the remainder when 2342650 is divided by 812?
30
Calculate the remainder when 70823 is divided by 3536.
103
What is the remainder when 7583 is divided by 2385?
428
What is the remainder when 25318135 is divided by 5063625?
10
What is the remainder when 42091 is divided by 956?
27
Calculate the remainder when 21852159 is divided by 176.
175
Calculate the remainder when 102568 is divided by 520.
128
What is the remainder when 81802 is divided by 12729?
5428
What is the remainder when 11472912 is divided by 7?
3
What is the remainder when 3057087 is divided by 74?
73
Calculate the remainder when 6001404 is divided by 60014.
4
Calculate the remainder when 144844 is divided by 865.
389
Calculate the remainder when 2900400 is divided by 172.
136
What is the remainder when 18638 is divided by 545?
108
Calculate the remainder when 108838 is divided by 2917.
909
What is the remainder when 175511 is divided by 5014?
21
What is the remainder when 84633361 is divided by 314?
313
Calculate the remainder when 18960565 is divided by 4429.
16
Calculate the remainder when 200614 is divided by 66195.
2029
Calculate the remainder when 21349926 is divided by 865.
861
What is the remainder when 928930 is divided by 232223?
38
What is the remainder when 22349039 is divided by 600?
239
Calculate the remainder when 394844 is divided by 394824.
20
Calculate the remainder when 107669473 is divided by 32.
1
What is the remainder when 33821314 is divided by 8455324?
18
What is 